 1)?
13, 2389
Let x(w) = -91*w**3 + 6*w**2 - 15*w - 62. List the prime factors of x(-6).
2, 5, 199
What are the prime factors of ((-9)/57)/(3/2) - (-1552494)/38?
5, 8171
What are the prime factors of (1/(-5))/(1/32377)*-5?
32377
Suppose p - 5*p - 16 = -4*i, -p = 4*i + 24. Let u = 31 - p. Suppose -3*g - 12 = -u. What are the prime factors of g?
3
Let x(s) be the third derivative of s**4/6 + 10*s**3/3 - 40*s**2. Let b be x(-5). Suppose b = -2*t + 7*t - 735. List the prime factors of t.
3, 7
Let g(u) = 32*u - 94. What are the prime factors of g(19)?
2, 257
Let c(p) = 2*p + 11. Let v be c(-9). Let u(i) = -i**2 - 7*i - 2. Let z be u(v). Let a(h) = -97*h + 8. List the prime factors of a(z).
2, 101
Let g(f) = -f**2 + f + 38. Let p be g(0). Let z = p + -319. Let w = z + 469. What are the prime factors of w?
2, 47
Let f = 1554 - 811. Suppose -2*t + 219 + f = 4*r, -5*t + 2357 = -2*r. What are the prime factors of t?
11, 43
Let c(b) = 7*b**2 - 64*b + 47. Let h be c(11). Let o = 6 - 2. Suppose o*i - h = -i. List the prime factors of i.
2, 19
Let m = 55 + -54. Let h be 42/8 + (0 + m)/(-4). Suppose -4*f + 5*f + 130 = 2*a, 0 = h*a - 3*f - 324. List the prime factors of a.
2, 3, 11
List the prime factors of ((-7)/((-63)/33288) - 2)*(-13 + 16).
2, 5, 1109
Suppose 50*c + 31823 = 52*c + 9*b, 2*b - 79414 = -5*c. List the prime factors of c.
2, 5, 397
What are the prime factors of 33*((-44)/33 + (-5845)/(-3))?
3, 11, 59
Suppose 2*i = 10, -3*i = -0*y + 3*y - 6. Let o be (-3)/(y/(-3)) - 0. Let u(j) = -3*j**3 - 5*j**2 - 2*j + 7. List the prime factors of u(o).
7
Let i = 79366 - 39224. What are the prime factors of i?
2, 20071
What are the prime factors of 12 + -17 + ((-98022)/(-4) - 39/(-78))?
3, 8167
Suppose 0 = 13*q - 121892 - 434053. List the prime factors of (-4)/22 - q/(-165).
7, 37
Suppose -11*h = -5*h - 3630. Let l = h - 424. List the prime factors of l.
181
Let i(y) = y**2 - 14*y + 29. Let x be i(12). Suppose -3*c = -7*c - d + 64, x*c = -2*d + 77. Suppose 9 = -2*j + c. What are the prime factors of j?
2
Let q(v) = v**3 - 26*v**2 - v + 31. Let p be q(26). Suppose -2*m = -p*k + 1, 2*k + 13 = -m + 35. Suppose -m*f + 4*f = -1184. What are the prime factors of f?
2, 37
Let a(f) = -134*f**3 + 7*f - 4. Let r be a(2). Let b = 320 - r. What are the prime factors of b?
2, 691
Suppose 7*i + 5 = -l + 2*i, 3*l + 5*i - 5 = 0. What are the prime factors of 278 + l - (-3)/(3 + -6)?
2, 3, 47
List the prime factors of ((-66)/(-63) + 2/3)/((-222)/(-1632477)).
2, 3, 11, 191
Let c be ((-3)/(-9) - 1) + 22/6. Suppose c*d - 4*d = 139. Let v = d - -230. List the prime factors of v.
7, 13
Let a = -13579 + 22984. List the prime factors of a.
3, 5, 11, 19
Suppose 2535 = -3*f - 12*f. What are the prime factors of -3 + f/(-39) + 3554/3?
2, 593
Suppose -2*j - 11940 = -34476. Suppose 26*m - 8*m - j = 0. What are the prime factors of m?
2, 313
Let l(q) = -3*q**3 - 16*q**2 + 14*q + 27. Let x be ((-4)/2)/((-26)/(-104)). What are the prime factors of l(x)?
7, 61
Let o be (-7 - -10)/(-6)*2628. Let i = -779 - o. What are the prime factors of i?
5, 107
Let l(a) = -5*a**3 - 3*a**2 - 5*a - 6. Let v be l(-4). Let o = -55 + v. What are the prime factors of o?
3, 7, 11
Let l be (-2)/10*(-2125)/25. Suppose -5*f + 2626 = 4*k, 20*f - 5*k = l*f + 1546. List the prime factors of f.
2, 3, 29
Let b(r) = -r**3 + 178*r**2 - 101*r + 523. What are the prime factors of b(176)?
44699
Suppose -111*u = 90*u + 107747 - 2050010. What are the prime factors of u?
3, 3221
Let r(s) be the first derivative of s**5/20 + 3*s**4/4 + 2*s**3 + 9*s - 6. Let x(u) be the first derivative of r(u). List the prime factors of x(-6).
2, 3
Let o be ((-3)/(-1))/(6*2/120). Let w be (-6)/4 - 3/(o/(-215)). Let q = 31 + w. List the prime factors of q.
3, 17
Let t = 22 - 13. Suppose 4 - t = k. List the prime factors of 1 - (-8 - k - (-1 + -1)).
2
Let c = -19401 + 27225. List the prime factors of c.
2, 3, 163
Suppose -63*x + 0*x = 35*x - 1174530. What are the prime factors of x?
3, 5, 17, 47
Let x(d) = -d**2 - 10*d. Let y be x(-9). Let o be (12/(-10))/(y*(-6)/4500). Suppose -b + o = -0. What are the prime factors of b?
2, 5
Suppose -2*y = 7*y + 63. Let p(z) = -5*z**3 - 6*z**2 + 10*z - 15. What are the prime factors of p(y)?
2, 167
Suppose q - 4 = -d, 3*q - 9 = -2*d - 0*q. Suppose 0 = -2*o + d*a + 939, -5*o - 4*a + 768 = -1568. Let j = o + -332. What are the prime factors of j?
2, 17
List the prime factors of 0 + 28322 - 160/(-10).
2, 3, 4723
Let t(a) = 14*a**2 + 4*a + 18. Let l be t(7). Suppose -1063 - l = -5*o. What are the prime factors of o?
359
Let y = -974 - -682. List the prime factors of 36/48*y/(-3).
73
Let s be 135/(-162) - 2663/(-6). Suppose -449*b = -s*b - 1716. List the prime factors of b.
2, 11, 13
Let q = 19 + -22. Let i(g) = -g**3 - 5*g**2 - 6*g - 3. Let a be i(q). What are the prime factors of 1/3 - 77/a?
2, 13
Suppose 0 = -17*m - 423 + 1290. Let c = 84 + m. What are the prime factors of c?
3, 5
Suppose 0 = 4*b - 4*z + 4, 8*z - 12*z + 4 = 4*b. Let h be 80 - (b/4)/(-2 + 0). Suppose -5 - h = -5*i. What are the prime factors of i?
17
Suppose 3*f + f - 544 = 0. Suppose v - 3*x = 285, 5*v - 6*x + 4*x - 1464 = 0. Suppose f = 5*s - v. List the prime factors of s.
2, 43
Let k(l) = 99*l**3 + 5*l**2 - 59*l + 7. List the prime factors of k(5).
2, 43, 71
Suppose -240 = -43*s - 5*s. Let q(y) be the second derivative of -y**4/4 + 17*y**3/6 + y**2 + y. What are the prime factors of q(s)?
2, 3
Suppose 2*c - 5*b + 0 = -1, 0 = -4*c - 3*b - 15. Let k be (c/(-2))/(15/10). What are the prime factors of 2*k*-15*(-185)/37?
2, 3, 5
Let n be ((-2 - 34)/6 - -2)*1. List the prime factors of (n/6)/((-10)/6450).
2, 5, 43
Let c be 5/1 - 2/(3 + -2). Suppose 123 = 3*d - 4*f - 1036, 2*f = c*d - 1169. What are the prime factors of d?
3, 131
Suppose 13*b - 4*k = 8*b + 60266, 2*k = b - 12046. What are the prime factors of b?
2, 6029
Suppose -4*q = 2*y - 34514, 5*y + q - 78199 - 8122 = 0. What are the prime factors of y?
3, 5, 1151
Suppose a - 1 = 5*p, -8*p = -9*p. List the prime factors of (3/(-12))/(a/(-772)).
193
Let v = 3166 + -1569. What are the prime factors of v?
1597
Suppose 7*c = 2*c + 15. Let b(f) = 34 + f**2 - 12 - 7 - c*f - 3*f. List the prime factors of b(15).
2, 3, 5
Let s = 3339 + -876. What are the prime factors of s?
3, 821
Let u(v) = -22*v - 19. Let m(n) = -33*n - 28. Let w(l) = -5*m(l) + 7*u(l). Suppose 10 = -4*c + c + 5*p, -5*c + p = -20. What are the prime factors of w(c)?
2, 31
List the prime factors of 15/(-20) + (663689/4)/19.
2, 37, 59
List the prime factors of 316589/26 + 3 + 15 + 3/(-2).
89, 137
Let r = 4821 - 3422. Suppose r = 24*h + 79. List the prime factors of h.
5, 11
Suppose 3*v + 5*v - 56 = 0. Suppose 0 = -3*r + 2*w + 979, 303 = -6*r + v*r + 4*w. List the prime factors of r.
17, 19
Suppose 5*i - 20048 = -3*g - 3427, 0 = -4*g - 5*i + 22158. What are the prime factors of g?
7, 113
Let l(k) = -k**3 + 54*k**2 + 74*k - 327. List the prime factors of l(42).
3, 887
Suppose 0 = 5*h + 3*r - 37, -2*r = h + h - 18. Suppose 4*v - 2*v - 534 = -2*q, -3*q + 1335 = h*v. List the prime factors of v.
3, 89
Suppose 6*m = 54*m - 188160. List the prime factors of m.
2, 5, 7
Let u(i) = 54*i**3 - 3*i**2 - 48*i - 36. List the prime factors of u(7).
3, 17, 353
Let y = -1 + 2. Suppose 0 = -3*j + 2*j + y. Let k(w) = 151*w - 2. List the prime factors of k(j).
149
Suppose 4*p = -5*v - 5, 5*p + 0*p = -v - 22. Suppose -4*x + 600 = -v*x - 4*o, -x - o + 575 = 0. List the prime factors of x.
2, 5, 29
Suppose -11*a = 17*a + 48300. Let m = a + 2891. What are the prime factors of m?
2, 11, 53
Suppose -4*z - 823 = -0*z + 5*b, -z = -4*b + 211. Let k = -23 - 57. Let j = k - z. List the prime factors of j.
127
What are the prime factors of -841*(1 - (0 + -1 + 3))?
29
Let s(a) = a**3 + 23*a**2 + 23*a + 159. List the prime factors of s(23).
2, 12511
What are the prime factors of (48/10)/((-1)/((-5165)/2))?
2, 3, 1033
Let d(c) = -9*c - 30. Let y(m) = m**2 + 3*m + 6. Let f be y(-3). Suppose -f*w = -5*w + 7. What are the prime factors of d(w)?
3, 11
Let n(v) = -16*v**2 - 1. Let f be n(-1). List the prime factors of 152*((-1564)/8)/f.
2, 19, 23
Let y be ((-6)/(-9))/((-5)/(-165)). Suppose -17*f + y*f = 4*p - 2983, f - 5 = 0. What are the prime factors of p?
2, 47
Suppose 3*